1 is divided by 135?
41
Calculate the remainder when 878282 is divided by 219566.
18
What is the remainder when 194941 is divided by 2565?
1
Calculate the remainder when 438081 is divided by 43807.
11
Calculate the remainder when 1012 is divided by 74.
50
What is the remainder when 34501 is divided by 38?
35
Calculate the remainder when 26542 is divided by 696.
94
Calculate the remainder when 1307149 is divided by 44.
41
What is the remainder when 461824 is divided by 9?
7
Calculate the remainder when 377 is divided by 302.
75
What is the remainder when 13865 is divided by 13715?
150
Calculate the remainder when 66380 is divided by 9481.
13
Calculate the remainder when 76633 is divided by 13.
11
Calculate the remainder when 2337 is divided by 467.
2
What is the remainder when 3302 is divided by 540?
62
Calculate the remainder when 56696 is divided by 15.
11
What is the remainder when 1653 is divided by 748?
157
What is the remainder when 69019 is divided by 2?
1
Calculate the remainder when 138741 is divided by 72.
69
What is the remainder when 531 is divided by 78?
63
Calculate the remainder when 357210 is divided by 357199.
11
Calculate the remainder when 25075 is divided by 2277.
28
Calculate the remainder when 32996 is divided by 2537.
15
Calculate the remainder when 10839 is divided by 16.
7
What is the remainder when 1339348 is divided by 25?
23
What is the remainder when 174475 is divided by 376?
11
What is the remainder when 23011 is divided by 8?
3
What is the remainder when 295831 is divided by 2311?
23
Calculate the remainder when 267615 is divided by 3387.
42
Calculate the remainder when 15315 is divided by 11.
3
Calculate the remainder when 41464 is divided by 85.
69
Calculate the remainder when 32499 is divided by 260.
259
What is the remainder when 6194 is divided by 1533?
62
What is the remainder when 6754 is divided by 271?
250
What is the remainder when 16173 is divided by 84?
45
What is the remainder when 10101 is divided by 19?
12
Calculate the remainder when 2999 is divided by 476.
143
Calculate the remainder when 262987 is divided by 70.
67
What is the remainder when 492 is divided by 492?
0
Calculate the remainder when 17878 is divided by 626.
350
What is the remainder when 9981 is divided by 128?
125
What is the remainder when 1499121 is divided by 1353?
1350
Calculate the remainder when 45932 is divided by 261.
257
What is the remainder when 5085 is divided by 137?
16
What is the remainder when 1594 is divided by 145?
144
Calculate the remainder when 8988 is divided by 1201.
581
What is the remainder when 1571 is divided by 251?
65
Calculate the remainder when 252 is divided by 250.
2
Calculate the remainder when 1349 is divided by 26.
23
What is the remainder when 7670 is divided by 217?
75
What is the remainder when 561 is divided by 2?
1
Calculate the remainder when 69536 is divided by 141.
23
Calculate the remainder when 6345 is divided by 7.
3
Calculate the remainder when 3725 is divided by 50.
25
Calculate the remainder when 1365 is divided by 329.
49
What is the remainder when 2659 is divided by 35?
34
What is the remainder when 403382 is divided by 33?
23
Calculate the remainder when 635757 is divided by 12.
9
What is the remainder when 3182908 is divided by 1414?
1408
What is the remainder when 583 is divided by 67?
47
What is the remainder when 15730 is divided by 17?
5
Calculate the remainder when 918 is divided by 582.
336
What is the remainder when 4988 is divided by 137?
56
Calculate the remainder when 119210 is divided by 53.
13
What is the remainder when 3284 is divided by 409?
12
Calculate the remainder when 4307 is divided by 653.
389
What is the remainder when 2896 is divided by 579?
1
What is the remainder when 6647 is divided by 13?
4
What is the remainder when 12493 is divided by 6241?
11
Calculate the remainder when 3923 is divided by 464.
211
What is the remainder when 51254 is divided by 334?
152
What is the remainder when 311733 is divided by 419?
416
What is the remainder when 29960 is divided by 3744?
8
What is the remainder when 3181 is divided by 1590?
1
Calculate the remainder when 300280 is divided by 597.
586
What is the remainder when 3440 is divided by 3380?
60
What is the remainder when 282666 is divided by 31406?
12
Calculate the remainder when 2866 is divided by 115.
106
What is the remainder when 30876 is divided by 193?
189
What is the remainder when 11941 is divided by 33?
28
Calculate the remainder when 14051 is divided by 738.
29
What is the remainder when 3541 is divided by 197?
192
What is the remainder when 17852 is divided by 47?
39
What is the remainder when 3029 is divided by 215?
19
What is the remainder when 11542 is divided by 701?
326
What is the remainder when 32697 is divided by 4666?
35
Calculate the remainder when 5771 is divided by 480.
11
Calculate the remainder when 267299 is divided by 450.
449
What is the remainder when 7647 is divided by 28?
3
What is the remainder when 1893 is divided by 213?
189
Calculate the remainder when 2108 is divided by 637.
197
Calculate the remainder when 76756 is divided by 738.
4
Calculate the remainder when 5089 is divided by 21.
7
Calculate the remainder when 512861 is divided by 370.
41
Calculate the remainder when 85174 is divided by 338.
336
What is the remainder when 123073 is divided by 8788?
41
What is the remainder when 24731 is divided by 135?
26
What is the remainder when 2736 is divided by 898?
42
What is the remainder when 357499 is divided by 2103?
2092
Calculate the remainder when 93347 is divided by 559.
553
What is the remainder when 691759 is divided by 8436?
7
What is the remainder when 82840 is divided by 836?
76
Calculate the remainder when 5423 is divided by 2512.
399
What is the remainder when 9006 is divided by 52?
10
Calculate the remainder when 228703 is divided by 114351.
1
Calculate the remainder when 978 is divided by 859.
119
What is the remainder when 1328 is divided by 16?
0
What is the remainder when 25763 is divided by 26?
23
Calculate the remainder when 861522 is divided by 7.
4
Calculate the remainder when 24489 is divided by 26.
23
What is the remainder when 30416 is divided by 279?
5
Calculate the remainder when 170 is divided by 135.
35
Calculate the remainder when 562794 is divided by 108.
6
Calculate the remainder when 178760 is divided by 11.
10
Calculate the remainder when 41380 is divided by 394.
10
What is the remainder when 329301 is divided by 109765?
6
Calculate the remainder when 2623480 is divided by 7.
6
Calculate the remainder when 14531 is divided by 4818.
77
What is the remainder when 9737 is divided by 174?
167
What is the remainder when 217156 is divided by 2648?
20
What is the remainder when 26522 is divided by 27?
8
Calculate the remainder when 1543 is divided by 65.
48
What is the remainder when 13658 is divided by 178?
130
Calculate the remainder when 2745 is divided by 27.
18
What is the remainder when 11867 is divided by 3949?
20
Calculate the remainder when 7879 is divided by 58.
49
Calculate the remainder when 117636 is divided by 9.
6
Calculate the remainder when 64060 is divided by 31.
14
What is the remainder when 3255 is divided by 231?
21
Calculate the remainder when 16727 is divided by 3281.
322
Calculate the remainder when 74842 is divided by 30.
22
What is the remainder when 217748 is divided by 404?
396
What is the remainder when 266926 is divided by 271?
262
What is the remainder when 917 is divided by 385?
147
Calculate the remainder when 965163 is divided by 1409.
1407
Calculate the remainder when 99131 is divided by 9.
5
What is the remainder when 200840 is divided by 274?
272
Calculate the remainder when 190637 is divided by 455.
447
What is the remainder when 963 is divided by 893?
70
What is the remainder when 38346 is divided by 453?
294
What is the remainder when 12739 is divided by 3171?
55
Calculate the remainder when 8434 is divided by 21.
13
Calculate the remainder when 427725 is divided by 152.
149
What is the remainder when 88378 is divided by 14729?
4
Calculate the remainder when 2752 is divided by 2074.
678
What is the remainder when 27958 is divided by 6985?
18
What is the remainder when 111910 is divided by 10171?
29
What is the rema